{"id":2,"date":"2021-04-15T14:29:03","date_gmt":"2021-04-15T14:29:03","guid":{"rendered":"https:\/\/farmaciafreitas.pt\/?page_id=2"},"modified":"2021-04-20T14:21:20","modified_gmt":"2021-04-20T14:21:20","slug":"sample-page","status":"publish","type":"page","link":"https:\/\/farmaciafreitas.pt\/","title":{"rendered":"Home"},"content":{"rendered":"\t\t<div data-elementor-type=\"wp-page\" data-elementor-id=\"2\" class=\"elementor elementor-2\">\n\t\t\t\t\t\t\t\t\t<section class=\"elementor-section elementor-top-section elementor-element elementor-element-4de6a3f elementor-section-boxed elementor-section-height-default elementor-section-height-default\" data-id=\"4de6a3f\" data-element_type=\"section\">\n\t\t\t\t\t\t<div class=\"elementor-container elementor-column-gap-default\">\n\t\t\t\t\t<div class=\"elementor-column elementor-col-100 elementor-top-column elementor-element elementor-element-cdd19ac\" data-id=\"cdd19ac\" data-element_type=\"column\">\n\t\t\t<div class=\"elementor-widget-wrap elementor-element-populated\">\n\t\t\t\t\t\t\t\t<div class=\"elementor-element elementor-element-2bc94ec elementor-widget elementor-widget-image\" data-id=\"2bc94ec\" data-element_type=\"widget\" data-widget_type=\"image.default\">\n\t\t\t\t<div class=\"elementor-widget-container\">\n\t\t\t\t\t\t\t\t\t\t\t\t\t\t\t<img decoding=\"async\" src=\"https:\/\/farmaciafreitas.pt\/wp-content\/uploads\/elementor\/thumbs\/farmacia_freitas-p5zy6ypvcegmi5m2fdge1eovyjyanufywfbtev14m8.png\" title=\"farmacia_freitas\" alt=\"farm\u00e1cia freitas montemor o novo\" \/>\t\t\t\t\t\t\t\t\t\t\t\t\t\t\t<\/div>\n\t\t\t\t<\/div>\n\t\t\t\t<div class=\"elementor-element elementor-element-4f3a388 elementor-widget elementor-widget-text-editor\" data-id=\"4f3a388\" data-element_type=\"widget\" data-widget_type=\"text-editor.default\">\n\t\t\t\t<div class=\"elementor-widget-container\">\n\t\t\t\t\t\t\t<br>\n<strong>Morada:<\/strong><br>\nPra\u00e7a M\u00e1rtires da Liberdade 17, Urbaniza\u00e7\u00e3o Quinta Nora Bloco 1 R\/C ESQ,<br>\n7050-356 Montemor-o-Novo\n<br>\n<br>\n<strong>Telefone:<\/strong> 266 892 226\n<br>\n<br>\n<strong>E-mail: <\/strong>geral@farmaciafreitas.pt\t\t\t\t\t\t<\/div>\n\t\t\t\t<\/div>\n\t\t\t\t\t<\/div>\n\t\t<\/div>\n\t\t\t\t\t\t\t<\/div>\n\t\t<\/section>\n\t\t\t\t\t\t\t<\/div>\n\t\t","protected":false},"excerpt":{"rendered":"<p>Morada: Pra\u00e7a M\u00e1rtires da Liberdade 17, Urbaniza\u00e7\u00e3o Quinta Nora Bloco 1 R\/C ESQ, 7050-356 Montemor-o-Novo Telefone: 266 892 226 E-mail: geral@farmaciafreitas.pt<\/p>\n","protected":false},"author":1,"featured_media":0,"parent":0,"menu_order":0,"comment_status":"closed","ping_status":"open","template":"elementor_canvas","meta":{"footnotes":""},"class_list":["post-2","page","type-page","status-publish","hentry"],"_links":{"self":[{"href":"https:\/\/farmaciafreitas.pt\/index.php?rest_route=\/wp\/v2\/pages\/2","targetHints":{"allow":["GET"]}}],"collection":[{"href":"https:\/\/farmaciafreitas.pt\/index.php?rest_route=\/wp\/v2\/pages"}],"about":[{"href":"https:\/\/farmaciafreitas.pt\/index.php?rest_route=\/wp\/v2\/types\/page"}],"author":[{"embeddable":true,"href":"https:\/\/farmaciafreitas.pt\/index.php?rest_route=\/wp\/v2\/users\/1"}],"replies":[{"embeddable":true,"href":"https:\/\/farmaciafreitas.pt\/index.php?rest_route=%2Fwp%2Fv2%2Fcomments&post=2"}],"version-history":[{"count":17,"href":"https:\/\/farmaciafreitas.pt\/index.php?rest_route=\/wp\/v2\/pages\/2\/revisions"}],"predecessor-version":[{"id":26,"href":"https:\/\/farmaciafreitas.pt\/index.php?rest_route=\/wp\/v2\/pages\/2\/revisions\/26"}],"wp:attachment":[{"href":"https:\/\/farmaciafreitas.pt\/index.php?rest_route=%2Fwp%2Fv2%2Fmedia&parent=2"}],"curies":[{"name":"wp","href":"https:\/\/api.w.org\/{rel}","templated":true}]}}